6492?
True
Is 527 a factor of 115033243?
False
Does 4696 divide 1054700070?
False
Does 55 divide 129195110?
True
Does 25 divide 2884072597?
False
Is 98 a factor of 455521248?
True
Does 266 divide 27900817?
False
Is 51 a factor of 47232171?
True
Does 439 divide 71780988?
False
Is 178 a factor of 19460747?
False
Is 393486417 a multiple of 2463?
True
Is 401 a factor of 25967557?
True
Is 2052656154 a multiple of 399?
False
Does 18 divide 6392551032?
True
Is 36813330 a multiple of 306?
True
Is 15510138 a multiple of 21?
True
Is 6002 a factor of 460671501?
False
Is 469858315 a multiple of 3?
False
Does 123 divide 97511178?
False
Does 12 divide 16503760?
False
Is 25033178 a multiple of 24?
False
Is 140 a factor of 1935561457?
False
Is 457 a factor of 7963225?
True
Is 119 a factor of 22308253?
False
Does 87 divide 24404283?
True
Is 1203806870 a multiple of 37?
False
Does 1847 divide 75957875?
True
Is 361638044 a multiple of 4?
True
Is 44 a factor of 491441104?
True
Does 46 divide 4940305?
False
Is 303491838 a multiple of 751?
False
Is 5127104 a multiple of 159?
False
Is 9412290 a multiple of 46?
True
Does 23 divide 3525874953?
True
Is 204 a factor of 31511031?
False
Is 368340173 a multiple of 17?
True
Is 4 a factor of 34876874?
False
Is 668 a factor of 72636984?
True
Does 66 divide 381355924?
False
Is 11 a factor of 623714949?
True
Is 93012668 a multiple of 81?
False
Does 88 divide 2475814792?
True
Is 791 a factor of 34043058?
True
Is 94 a factor of 41526662?
True
Is 54775430 a multiple of 33?
False
Is 1545 a factor of 131574260?
False
Is 5592748920 a multiple of 33?
True
Is 20186412 a multiple of 51?
True
Is 160547074 a multiple of 5?
False
Is 95432710 a multiple of 2510?
True
Does 386 divide 379050842?
True
Does 134 divide 583127264?
True
Does 91 divide 29656774?
False
Is 3953261 a multiple of 13?
True
Is 19934736 a multiple of 8?
True
Is 178 a factor of 1387471552?
True
Is 21510477 a multiple of 9?
True
Is 41 a factor of 550106799?
True
Does 158 divide 6178906?
True
Is 68877050 a multiple of 1457?
False
Is 386339517 a multiple of 890?
False
Does 20 divide 11544020?
True
Does 108 divide 15432185?
False
Does 109 divide 1716154318?
False
Is 5532274 a multiple of 11?
True
Is 326924424 a multiple of 1381?
False
Is 15767240 a multiple of 430?
True
Is 65 a factor of 676133575?
True
Is 1628663085 a multiple of 135?
True
Is 112 a factor of 246935581?
False
Is 59984755 a multiple of 9?
False
Is 1282482445 a multiple of 3677?
True
Is 161827632 a multiple of 27?
True
Does 36 divide 145685111?
False
Is 537 a factor of 536925894?
True
Does 13 divide 1675492?
True
Is 9 a factor of 52141815?
True
Is 2228348703 a multiple of 213?
True
Is 20 a factor of 9615862?
False
Is 84496495 a multiple of 49?
False
Is 625605757 a multiple of 287?
True
Is 685858990 a multiple of 687?
False
Is 11 a factor of 53497114?
True
Is 8369923 a multiple of 2?
False
Is 507 a factor of 259334556?
True
Does 570 divide 1029406643?
False
Is 285655531 a multiple of 905?
False
Is 1122 a factor of 2705142?
True
Is 123 a factor of 571950?
True
Is 1843 a factor of 130932249?
True
Is 2692028 a multiple of 151?
True
Does 21 divide 5119760286?
False
Is 477937800 a multiple of 216?
True
Is 112264284 a multiple of 363?
True
Does 39 divide 16386745?
False
Is 4 a factor of 4777584?
True
Is 489789504 a multiple of 216?
True
Does 66 divide 165637622?
False
Is 839 a factor of 1032465849?
True
Does 6 divide 292627314?
True
Is 415 a factor of 8183760?
False
Is 28926110 a multiple of 655?
True
Is 199935205 a multiple of 18?
False
Is 303963923 a multiple of 793?
False
Is 1638532376 a multiple of 3107?
True
Is 266756035 a multiple of 35?
True
Is 3357441 a multiple of 85?
False
Does 24 divide 1178882304?
True
Does 14 divide 256159595?
False
Is 12300372 a multiple of 76?
True
Is 11 a factor of 56089110?
True
Is 175308806 a multiple of 23?
True
Is 250496722 a multiple of 58?
True
Is 15 a factor of 64705830?
True
Is 31279604 a multiple of 993?
False
Does 3 divide 75570799?
False
Is 14 a factor of 15601082?
True
Does 749 divide 278635490?
True
Is 9130750 a multiple of 250?
True
Does 3 divide 5642161?
False
Does 61 divide 88146557?
False
Is 118442537 a multiple of 407?
False
Is 4608 a factor of 73223265?
False
Is 2058990379 a multiple of 3279?
False
Does 14 divide 163589384?
True
Is 237 a factor of 44281145?
False
Does 50 divide 280811145?
False
Is 62 a factor of 1618834?
False
Is 1020260282 a multiple of 53?
True
Is 15 a factor of 11322514?
False
Is 468245601 a multiple of 31?
False
Is 42442776 a multiple of 170?
False
Does 28 divide 44830946?
False
Does 52 divide 10670623?
False
Is 1506 a factor of 9418524?
True
Does 8 divide 3903318?
False
Is 3345202070 a multiple of 16274?
True
Is 1340 a factor of 82100460?
True
Is 305 a factor of 1087873695?
True
Does 258 divide 525023292?
True
Is 1104069474 a multiple of 1473?
True
Does 999 divide 111094794?
True
Does 5388 divide 152585849?
False
Does 1143 divide 7015734?
True
Is 2103323352 a multiple of 39?
True
Is 2435200615 a multiple of 493?
True
Does 96 divide 1237778765?
False
Does 5 divide 48400548?
False
Does 1684 divide 24662380?
False
Is 562 a factor of 8711233?
False
Is 1942830148 a multiple of 11?
False
Does 448 divide 185965248?
True
Is 38 a factor of 19145796?
False
Is 966683396 a multiple of 14?
True
Is 4 a factor of 18917737?
False
Does 69 divide 48991446?
False
Is 2686 a factor of 303464280?
True
Is 565835886 a multiple of 985?
False
Is 194122866 a multiple of 42?
True
Is 40561191 a multiple of 63?
False
Is 585202472 a multiple of 34?
False
Is 24 a factor of 181429361?
False
Is 417 a factor of 417246447?
True
Does 44 divide 137540084?
True
Is 4 a factor of 82598938?
False
Is 799470499 a multiple of 8?
False
Is 644690017 a multiple of 2439?
False
Is 2496 a factor of 99957312?
True
Does 68 divide 252291084?
True
Is 120826594 a multiple of 14?
True
Does 163 divide 109032982?
True
Is 21446765 a multiple of 14?
False
Does 20 divide 2345405440?
True
Is 1385585503 a multiple of 4630?
False
Is 3581113445 a multiple of 1729?
True
Does 526 divide 73210372?
False
Does 396 divide 242604648?
True
Is 223553423 a multiple of 62?
False
Is 365832 a multiple of 5?
False
Does 20 divide 16864380?
True
Is 4010880782 a multiple of 29?
False
Is 1109 a factor of 10965606?
False
Is 2895 a factor of 266670030?
True
Does 35 divide 189677705?
True
Is 4 a factor of 26647862?
False
Is 4201 a factor of 158201983?
False
Is 616446779 a multiple of 151?
True
Does 36 divide 19829484?
True
Is 2971923777 a multiple of 3002?
False
Is 84538869 a multiple of 53?
True
Does 61 divide 494214619?
True
Is 417 a factor of 88007622?
False
Does 2809 divide 404147548?
False
Does 64 divide 20743090?
False
Is 223 a factor of 47191207?
False
Is 2 a factor of 305165193?
False
Is 90763337 a multiple of 106?
False
Is 194622624 a multiple of 2394?
True
Is 492 a factor of 1560921905?
False
Does 4 divide 215223848?
True
Is 123 a factor of 59629573?
False
Does 10 divide 407622960?
True
Does 24 divide 16750152?
True
Does 12 divide 40020072?
True
Does 43 divide 57780141?
False
Does 166 divide 59548848?
True
Is 595 a factor of 17693505?
False
Is 1780885045 a multiple of 37?
False
Is 56051920 a multiple of 820?
True
Is 101 a factor of 226928443?
False
Is 73 a factor of 6985005?
True
Is 314130610 a multiple of 235?
True
Is 34 a factor of 161240070?
True
Is 189 a factor of 3288917?
False
Is 1772005392 a multiple of 316?
True
Is 7 a factor of 8959867?
True
Is 296 a factor of 200317704?
True
Is 1551906 a multiple of 58?
True
Is 20 a factor of 488705787?
False
Does 9031 divide 1569160194?
False
Is 5699334 a multiple of 1346?
False
Is 6 a factor of 6813040?
False
Is 65 a factor of 8380385?
True
Is 5 a factor of 16382470?
True
Is 5 a factor of 6109624?
False
Is 945819501 a multiple of 543?
False
Is 15 a factor of 66611430?
True
Is 305363813 a multiple of 31?
False
Is 1707681403 a multiple of 43?
True
Is 19558908 a multiple of 4?
True
Does 42 divide 241355430?
False
Does 3 divide 16134466?
False
Is 592 a factor of 545387696?
True
Is 667 a factor of 485884922?
False
Is 13 a factor of 18756751?
True
Is 6647108 a multiple of 338?
True
Is 421386201 a multiple of 5?
False
Is 769 a factor of 40583140?
False
Is 1560 a factor of 703915